 -57?
-33
What is the value of -247 + 1218 - 1029 - (1 - 2 - (-1 + -5))?
-63
What is the value of 0 + 29 + (-57 + -48 - -106)?
30
Calculate -70 + 65 - (-76 + -20 + 32).
59
Calculate 29 + -19 + 19 + -16 + (-4 - -4).
13
What is -22 - (-1 + 1 + -14) - (-77 - (5 + -3))?
71
Evaluate -23 + (10 - (1 - -5)) - -46.
27
What is 17 - 127 - -84 - (-1 - -53)?
-78
Calculate (52 - (2 - -57)) + -1 + 0 + -2.
-10
What is 10 + 3 + -25 - (-60 + -4 + 5)?
47
Calculate (-52 + 50 - (3 - 4 - -42)) + (-2 - 14).
-59
11 - (-1 + 42 + (29 - 41)) - -13
-5
Calculate -49 + -23 - -51 - (1 + 15).
-37
What is -10 + 1 + -31 + (18 - (31 + -34))?
-19
What is the value of (-98 - -18) + 46 - -14?
-20
What is the value of (-23 - (0 - 19)) + (-12 + 33 - -5)?
22
Evaluate 0 - (-35 + (14 - -8) + 25) - -160.
148
48 - 1 - (-2 + -2 + 19 + -10)
42
Evaluate (10817 + -10795 - (-1 + 0 - -11 - -1)) + -15.
-4
What is -47 + 21 + -7 + 34 + -32?
-31
What is the value of 121 + (16 - (9 + 21 + -21)) + -4 + 8?
132
What is 31 - -82 - 24 - 120?
-31
Evaluate -17 - (-59 - -76) - (-12 + -1).
-21
What is the value of (-77 - ((-24 - (12 + (-4 - 13))) + 6)) + 2?
-62
What is 84 + 32 - (149 - 27)?
-6
What is the value of (-74 - (12 - 115)) + (1 - 116)?
-86
What is the value of 1 + -18 - (35 - (20 - (32 - -26)))?
-90
-39 - (-10 - (13 + (-26 - -25)))
-17
What is the value of 4 + 2 + -17 - (-161 + 140)?
10
Evaluate (-450 - -511) + (-15 - 59).
-13
What is -1 + (-11 - 73) + 91?
6
What is the value of -50 + (-14 - 39) + 84?
-19
(-1 - (2 - -10)) + 108 + 13 + -83
25
What is 11 + (21 - 8) + -11 - 22?
-9
What is -84 + (-9 - -71 - 37)?
-59
What is the value of -53 - ((52 - 177) + 120)?
-48
Calculate -8 - (0 - (-17 + (0 - 20))).
-45
What is the value of (18 + 0 + -10 - (1 - 5)) + -40?
-28
What is 32 + (-331 + 330 - (2 + -1))?
30
-53 - -3 - 5 - (-1 - (-28 - -14))
-68
Evaluate 88 + (25 - 174) + -21 + 0.
-82
Evaluate (75 - (23 - -33)) + -1 + (14 - -1).
33
Calculate -122 + (3 - (-5 + (-2 - -10 - (128 - 116)))).
-110
What is the value of -8 - (92 + -24) - -130?
54
Evaluate -13116 - -13076 - (-18 + 1 + 0).
-23
What is the value of 146 - (39 - 2) - 184?
-75
What is 24 - (16 - -3) - (-131 - -30)?
106
Calculate -50 - (-30 + -27 + 45).
-38
What is the value of -18 + (-12 - (33 - 7) - 2)?
-58
Calculate ((2 + 18 - 30) + -56 - -15) + 22.
-29
(-165 - (-220 + 136)) + (2 - 39)
-118
What is the value of 20 - ((28 - (-4 + -16)) + -10)?
-18
What is the value of 242 - 216 - (0 + 141 + -15 + 7)?
-107
67 + 47 - 61 - 59
-6
What is (5 - (-2 - (-2 + 1 + -13))) + 41?
34
61 - 33 - 11 - (11 + -9 + 13)
2
19 + -1 + -3 - (109 + -49 - 33)
-12
Calculate (-121 - (-10 - -10)) + (-6 - -6 - -8) - 6.
-119
(-53 + 122 - 174) + 216
111
What is (-15 + -6 - (7 - 3)) + -5?
-30
Calculate 61 + -119 + (156 - 69).
29
What is 0 - -23 - (32 - 17)?
8
What is the value of 1 - 1 - (-14 + 29 + -1 + 833 + -845)?
-2
Evaluate -3 + 15 - (55 - (-3 - -13 - 17)).
-50
What is the value of -6 + 3 + 13 + -5 + (18 - 12)?
11
What is the value of 60 + (11 - 28) + -44?
-1
What is the value of 0 - (-3 + -1 + 15) - (-111 - 26 - -219)?
-93
22 + 17 - 31 - (2 - 1) - 12
-5
Calculate 68 + (-18 - (-26 + -12) - (-9 - -41)).
56
What is (-11 - (-5 - 14) - 2) + -7 + -14 - -8?
-7
Calculate -8 + -77 - -143 - 59.
-1
Evaluate -39 - (45 - (81 - -49)).
46
Calculate (-15 - -10) + 339 + -284.
50
6 + (1 - (-5 - -14)) - 20
-22
What is the value of -3 - (-24 - (-11 + 21 - 11))?
20
Calculate 47 + -23 - (-25 + 107).
-58
Calculate (-25 - 1) + -1 + 27 + 4 + 3 + -43.
-36
Calculate (9 + -30 + 32 - -18) + -20.
9
What is -22 + 0 + (34 - (19 - -33)) + 38?
-2
Evaluate -18 - (12 + -30) - -18 - 20.
-2
What is -110 - (-52 - (82 - 81))?
-57
What is the value of (0 - 6 - ((-1560 - -1559) + (-1 - 4))) + -48?
-48
(15 - -4) + 300 + -280
39
-8 + 22 - -6 - 6 - -1
15
Calculate 13 + -1 - (-9 + 17 + 1) - 23.
-20
Evaluate (1 + (2 - 3) - (-40 + 11)) + 8.
37
Calculate (-20 - (3 - (37 + -23))) + (4 - -3).
-2
What is the value of -14 + (-11 - (-8 - -5) - (-13 - -3))?
-12
Calculate 43 - ((0 + -53 - -41) + 117).
-62
What is the value of 1228 - 1383 - (-87 - 7)?
-61
Calculate -15 - 59 - -122 - (-6 - -5).
49
-140 + 60 + (50 - 46)
-76
What is -14 - (8 + 9 + -18) - 10 - 5?
-28
8 + 3 + (0 - -1) + (223 - 222)
13
What is -2 + -14 + (15 - (9 - (-7 + 26)))?
9
What is 17 + -11 - 23 - (29 + 6 + 13)?
-65
-1 - (-7 + (-1 - (-17 - -2)))
-8
Evaluate -2 + 1 - (-83 + 17 + -33 - -23).
75
(-1 - -5 - (36 - 78 - -52)) + 75
69
What is 5 - ((-14 - (-17 - 9)) + 5) - (-7 - 61)?
56
What is the value of 2 - (8 + (-42 - -11) + -22)?
47
What is the value of 24 + (-64 + -17 + 48 - 26)?
-35
Calculate -6 + (-121 - -113) - (4 - (-2 + -57)).
-77
What is the value of (-11 - -1) + (116 + 10 - 108)?
8
Evaluate (-15 - -1) + -108 + 2 + -9 + 0.
-129
Evaluate -339 + 327 + (-4 - (4 + -11) - -39).
30
350 + -422 - (-36 - -7)
-43
Evaluate -12 - (-2 + 4) - (-214 + 241).
-41
Calculate -5 - (32 + (11 - (8 - 4)) - -11).
-55
Calculate (-26 - (-73 + -28)) + -27.
48
Calculate -51 - (-75 - (41 + -82)).
-17
Calculate 15 + (-29 - (-73 - 18)) + (-17 - -2).
62
(-1 + -2 - -17) + (164 - 127)
51
Evaluate -2 + (13 - (-33 - -27 - (2 + -16))).
3
(-41 - ((0 - -3) + 0)) + 55 + -22 + -23
-34
Evaluate 5 - (-8 - -9) - (-60 + (-19 - 5) + 3).
85
((-239 - -237) + -2 + 9 - (8 + 1)) + 3
-1
Calculate (-1332 - -1381) + (-69 - -1).
-19
Evaluate (-6 + -1 - 0 - (-1300 + 1293)) + 4.
4
Calculate -90 + (-54 - -69) + 31.
-44
What is the value of 6 - ((-3 - -2) + (1 - -4 - (-28 + 8)))?
-18
(49 - (-13 - -113)) + 0 + 10
-41
What is the value of 3 + (0 - (22 - -1 - -16))?
-36
-50 - -14 - (1 - 4 - -30)
-63
What is -8 - (-6 + -4 + -2 + -7) - 5?
6
Calculate -3 + (6 - (20 - 13)) + 0 + 9.
5
-97 - (-106 - -66 - 60)
3
Calculate 80 + (2 + 12 - (-223 - -231)) - 16.
70
Evaluate (-6 - (-4 - -1)) + -40 - (-694 - -693).
-42
What is the value of 53 + -126 + -37 - -243?
133
Calculate -2 - (-38 - ((8 - 10 - 2) + 12)).
44
What is (0 - 8) + 7 - (81 + -74)?
-8
What is the value of (-27 - 39) + 33 - (3 - 132)?
96
What is 69 + -1 + (2857 - 2859)?
66
Evaluate 1 + -5 + 11 + 83 + -53 + (-4 - 1).
32
What is the value of 120 + -109 + -6 + -1 - -43?
47
What is -61 + (-45 - -86 - -16)?
-4
What is 10207 - 10076 - (18 - -1)?
112
Evaluate 67 - 65 - (-16 + 30).
-12
Calculate -13 + -1 - (41 + 1 + (-8 - 2)).
-46
What is (33 - -36) + 5 + -9 + 0 + (-4 - 0)?
61
What is -36 + 23 + 1 + 36 + -9 + -39?
-24
Calculate (12 - 31) + 30 + 4.
15
52 - (44 - (35 - -11))
54
What is the value of -7 + -22 + 75 - 40?
6
36 + -184 + (2 - -95)
-51
6 - (-7 - (-36 - 2)) - (-3 + (4 - -1))
-27
Calculate (1727 - 1662) + 6 + -3.
68
-14 + (-20 + 38 - ((2 - 2) + 7))
-3
-16 - 2 - (102 + -23) - 5
-102
-907 - -945 - (-39 - -3)
74
Calculate -5 - (99 - (5 + 26)).
-73
(-1 - -14) + (-3 - 12 - 32) + 32
-2
What is the value of -7 + 0 + (95 - (158 - 66))?
-4
What is (2 - 11 - -2) + (18 - (-21 + 2 - -27))?
3
What is the value of 46 + (25 - (57 + 39))?
-25
What is the value of -83 - (1 + -21 + (-5 - -4))?
-62
What is 0 + -7 - (-4869 + 4866)?
-4
What is the value of -38 + (19 - -8) + -35 - -68?
22
What is -152 + (4 - -181) + (-3 - -74)?
104
What is the value of -1 - 69 - (-391 - -370)?
-49
Evaluate 40 - (27 + 79) - -54.
-12
Evaluate (20 - (-20 - -18) - 25) + 1 + 0 + 19.
17
Evaluate -99 + (-52 + 155 - 99).
-95
Calculate 31 + (-1 - -27) + 23 - (0 + 2 + -1).
79
What is -158 + (-41 + -6 - -55) + 22?
-128
-7 + -4 - (99 + -93)
-17
What is 109 - (1 + -22 + 37 + 11)?
82
(-40 - -38 - (-5 - 1 - (-4 + 5))) + 10
15
Evaluate 2 + 12 - (-11 + (-13 - -37) + -4 + -4).
9
Evaluate 2 + 0 + 35 + (-49 - -25) - -4.
17
What is the value of (-9 + 1 - (25 - (-13 + 28))) + -11?
-29
(-31 - (-102 + 70)) + 98
99
Evaluate -4 - -20 - (-10 + (36 - 14) + 31).
-27
What is 29 + -5 + -40 - (2 + -21)?
3
What is the value of 3 + -46 - (315 + -349)?
-9
What is -9 + -7 - -21 - (-1 - -1 - -31)?
-26
25 + (37 - (-55 + 58))
59
Calculate -117 + 91 + (-3 - (-8 + -15)).
-6
Evaluate 1325 + -1305 + (1 - (3 - 3)).
21
-3 - (-27 - (74 + -96 + 2 + 6))
10
What is the value of (14 + (-10 - -45) - -26) + -34?
41
What is 10 - (-58 - (-80 - -30))?
18
Evaluate (127 + 108 - 120) + -129.
-14
What is 0 + 21 - (-67 + 12 - (132 + -251))?
-43
What is (33 - 4) + (8 - 56) + 43?
24
3 - 13 - (33 - -10) - -23
-30
32 - ((2 - (24 - -7)) + -5)
66
What is -78 + 101 + (7 + 0 